. Calculate the highest common factor of 1 and f.
1
Let i be (1/(-6))/(16/(-1632)). Suppose -5*m + d + i = -45, -30 = -3*m - 3*d. What is the greatest common factor of 72 and m?
12
Suppose 3*n - 115 - 451 = -4*d, -7*d - 1337 = -7*n. Let x = 73 - 43. What is the highest common factor of x and n?
10
Suppose 4415 = 4*h + 4*w + w, -5*h = -3*w - 5491. Suppose 2356 = 3*r - h. What is the greatest common divisor of 72 and r?
72
Let f be 5 - (2/3 - (-49)/3). Let a(x) = -3*x + 66. Let l be a(f). What is the highest common factor of 136 and l?
34
Let r = 1222 - 622. Let d = r + -572. Let j be (4 - 4/2) + 124. What is the highest common divisor of j and d?
14
Let v(i) = 3*i + 45. Let w be (-2)/(-8) - 17/68. Let c be v(w). Let u(n) = -n**3 + n**2 + n + 9. Let f be u(0). Calculate the highest common divisor of f and c.
9
Suppose -122 - 58 = 11*h - 23*h. Let p(t) = 8*t + 6. Let o be p(-4). Let n = 4 - o. What is the highest common divisor of h and n?
15
Let d(k) = k**2 - 20*k + 67. Let l be d(4). Suppose -19*x + 73 = l*w - 24*x, 0 = -2*w - 4*x + 12. What is the highest common factor of w and 448?
16
Suppose 0 = 3*o - 2*o - 65. Let t = 195 - 190. Let s(f) = 5*f + 1. Let b be s(t). What is the highest common factor of o and b?
13
Let u be (-451)/(-11) + (-3 - (-1 + 2)). Let d(k) = 30*k + 6. Let q be d(-6). Let w = 248 + q. What is the greatest common factor of u and w?
37
Suppose 13*o + 24*o = -1840 + 20081. What is the highest common factor of 323 and o?
17
Let i = -1598 - -878. Let u = 728 + i. Calculate the greatest common divisor of u and 72.
8
Suppose -450 = 5*t - 3*r - 1122, t - 133 = 2*r. Let k = t - 127. What is the greatest common factor of k and 248?
8
Let g(m) be the first derivative of m**3/3 + 9*m**2/2 - 103*m + 23. Let u be g(8). Calculate the greatest common factor of u and 3.
3
Suppose 66*l - 2303 = -851. What is the highest common factor of l and 2519?
11
Let j = 36125 - 18943. What is the greatest common factor of j and 121?
121
Suppose -h - 1 = -13. Let f(r) = -33*r**2 + 4*r + 7*r**2 + 15*r**2 - 15 + h*r**2. Let u be f(5). Calculate the highest common factor of 12 and u.
6
Suppose 0 = 5*y + h - 125, 0 = y + 2*y + 5*h - 97. Let f = -134 + 266. What is the highest common divisor of y and f?
12
Suppose 22*n = 30*n - 32. Let r be n - 1 - (-34 - -29). Calculate the highest common divisor of 296 and r.
8
Let i = 11 + -6. Let k be -1*(-31 - -30)*(-1 + 2). Suppose -2*g + 4*n + 30 = 0, -i*n - 11 = -k. Calculate the greatest common divisor of 22 and g.
11
Let l be -20*(6 + -78)/18. Calculate the highest common divisor of l and 48.
16
Let g(x) = -x**3 + 8*x**2 + 345*x + 5. Let h be g(-15). Suppose -y + 9 = -26. Calculate the highest common factor of y and h.
5
Suppose 5*f + 2*b = 11 - 15, 2*f + 2*b = 2. Let u be f/(-12)*-2 + 133450/102. What is the greatest common divisor of 12 and u?
12
Suppose 0 = -30*i - 2792 + 4772. Calculate the greatest common divisor of i and 1644.
6
Let v be 9/((-8)/6 - (-2 + 1)). Let o = 22 - v. Calculate the greatest common divisor of 7 and o.
7
Let w be (-72)/18 + 320/2. What is the greatest common divisor of w and 5772?
156
Let i = 39 + -26. Let x be (4/(-10))/((-5)/925). Suppose 3*o + x = 269. What is the highest common factor of o and i?
13
Suppose -37*i + 34*i = -474. Let p = -2029 + 2031. What is the highest common divisor of i and p?
2
Let j be -3 + (-1)/((-2)/22). Let y = -5345 + 5369. Calculate the greatest common divisor of j and y.
8
Let d(r) = 5*r**2 + 22*r + 26. Let q be d(-5). Suppose -323 - 374 = -q*m. What is the greatest common divisor of m and 391?
17
Let i = -21216 - -28176. What is the highest common factor of i and 30?
30
Suppose -21*c + 7*c = -56. Suppose 0 = -5*o - a + 10364, 0*a - 16 = -c*a. Suppose -6*p = 20 - o. What is the highest common divisor of 38 and p?
38
Let u be ((-6903)/156)/(5/(-160)). What is the greatest common divisor of u and 12?
12
Suppose 1087 - 7087 = -15*k. What is the greatest common factor of k and 25?
25
Let f = -2987 - -3011. Suppose 0 = -3*g + 5*g - 8. Suppose 0*t - 29 = -t - 5*a, -g*a - 44 = -2*t. What is the highest common factor of t and f?
24
Let z(o) = o**3 + 6*o**2 + 28*o + 8. Let q(c) = c**2 - c - 1. Let j(g) = -6*q(g) - z(g). Let d be j(-10). Calculate the highest common factor of 33 and d.
3
Let h = 11219 + -10163. Calculate the greatest common divisor of h and 3036.
132
Let q = -495057 + 495084. Let l(a) = a**3 + 6*a**2 - a - 3. Let f be l(-3). Calculate the highest common factor of f and q.
27
Let m(s) = s**2 - 3*s. Let x be m(4). Let y be (-12818)/(-232) - 1*1/x. What is the greatest common divisor of y and 11?
11
Let i be 24/20*56*(-5 - (-315)/27). Calculate the greatest common divisor of 19488 and i.
224
Let h(d) = -d**3 + 2*d**2 + 7*d. Let j be h(-3). Suppose 2*k - 1526 = -5*k. Let o = k + -98. What is the highest common factor of o and j?
24
Suppose 4*j = -t - 124, -t = -2*j - 2*j - 116. Let i = 11 - 3. Let m = i - j. Calculate the highest common factor of m and 95.
19
Let r(w) = w - 5. Let d be r(-3). Let u be (-12)/d*2/(-3). Let k be (17/((-85)/18))/(u/10). What is the greatest common factor of k and 9?
9
Suppose m = -3, 21 = v + 3*m + 22. Calculate the greatest common factor of 482 and v.
2
Suppose 7*m - 6256 = -61*m. Calculate the highest common factor of m and 25.
1
Let v = -3246 + 3366. What is the greatest common factor of v and 72?
24
Suppose -62*a + 63*a - 105 = -5*h, -512 = -4*a + 3*h. Calculate the greatest common divisor of a and 4775.
25
Let x(o) = o**2 + 18*o + 42. Let g be x(-2). What is the highest common divisor of 13670 and g?
10
Let u be 213/12 - (-2)/8. Suppose 9 - 5 = -4*r, -3*g - 5*r = -859. Suppose 2*x + 4*s - g = 0, -6*s = -2*s. What is the greatest common divisor of x and u?
18
Let i = 5957 + -5657. What is the greatest common divisor of 1620 and i?
60
Let j(o) = -25*o - 508. Let c be j(-21). Suppose -5*l = -4*l - 136. What is the highest common factor of l and c?
17
Let b be 21245/21 - (-8)/(-96)*-4. What is the highest common divisor of b and 69?
23
Suppose -125 + 3411 = 68*o - 1474. What is the greatest common factor of 1770 and o?
10
Let n be (-11 - -32)/((-18)/(-276)). Suppose -3*j + r = -171, -10*j + 4*r - 44 = -11*j. What is the greatest common factor of n and j?
14
Let x be ((-44)/176)/(3/(-96)*2). Calculate the greatest common divisor of 125 and x.
1
Let h be ((-22)/(-10) - 1)*(-960)/(-9). Let p = h - 79. Calculate the greatest common factor of 196 and p.
49
Let g = -147 - -261. Suppose 2*n + 103 = -7*o + 8*o, -5*o + 455 = 5*n. Calculate the highest common divisor of g and o.
19
Let u(n) = 3*n**2 + n. Let m = 170 - 172. Let l be u(m). Let h be (2 - (-4)/(-8))/(3/4). What is the highest common factor of h and l?
2
Let p = 62 + 44. Let t be (1 - 0)/(2/p). Suppose 0 = t*j - 57*j + 12. Calculate the greatest common factor of 9 and j.
3
Let r(z) = -z**3 + 21*z**2 - 65*z + 224. Let x be r(18). Calculate the greatest common divisor of x and 65.
13
Suppose 115*i - 110*i - 1310 = 0. Let a = -193 + i. Calculate the greatest common factor of 1173 and a.
69
Let y = 15 + -7. Let i be -10 + (-1254)/(-121) + (-216)/(-11). What is the greatest common factor of y and i?
4
Let i = -416 - -497. Let x = i + -73. Calculate the greatest common factor of x and 296.
8
Suppose 0 = -3*o + 1 + 8. Let x be (-540)/(-3) + 0 + (0 - 3). Calculate the highest common factor of o and x.
3
Suppose 945*o - 960*o = -39105. What is the greatest common divisor of o and 33?
33
Let q(o) = 19*o - 164. Let p be q(8). Let g be 1 + (5 - p/4) - 0. Calculate the highest common divisor of 171 and g.
9
Let j be ((-1554)/(19 + 2))/(1*(-2)/114). What is the greatest common factor of 57 and j?
57
Let w = -13 + 17. Suppose 0 = 4*i - 16 + 4, -w*q + 4*i = -268. Let h(j) = j**2 + 14*j - 18. Let c be h(-16). Calculate the highest common factor of c and q.
14
Let o be (-1 - -17 - 5)*1. Suppose -254 = -o*f + 21. Calculate the highest common divisor of f and 225.
25
Suppose d - 4 + 13 = 0. Let t be 24/d*972/(-16). Suppose p = -5*z + 22, -2*z - t = -5*p - z. Calculate the highest common factor of p and 16.
16
Suppose 0 = 10*x - 11*x - 16. Let k be (x/(-32))/(1/2). Let f be 112 - ((5 - k) + -4). What is the highest common divisor of f and 28?
28
Suppose -5*v + v = -4. Let h(f) = f**3